3145333 (base 11) in base 2?
-10101001000110111101000
-1395017 (base 11) to base 6
-123143232
Convert 340152245 (base 6) to base 16.
5e32c5
Convert -22311883 (base 9) to base 12.
-3756110
Convert -2143ba1 (base 13) to base 8.
-46553630
41939 (base 13) to base 10
118010
Convert 25a1b91 (base 12) to base 3.
111222022210201
What is 112202021023 (base 4) in base 9?
12102814
Convert -4050595 (base 10) to base 6.
-222452431
Convert -1000022210200021 (base 3) to base 8.
-67313475
313340124 (base 5) to base 10
1308789
Convert -54223055 (base 6) to base 8.
-6077013
2711c (base 15) to base 8
364307
What is 113013230330 (base 4) in base 13?
1342910
1da63 (base 16) to base 11
83273
What is -4cba23 (base 13) in base 9?
-3434826
What is -153312413 (base 6) in base 5?
-1312310343
Convert -2a37288 (base 13) to base 4.
-303120012130
What is 72869 (base 14) in base 10?
276061
What is 2233210201 (base 4) in base 9?
1315421
Convert 61304 (base 15) to base 11.
1a0292
What is -842636 (base 9) in base 10?
-500613
Convert -168124 (base 11) to base 6.
-5322140
Convert -b903e (base 16) to base 5.
-143222242
-65086 (base 12) to base 14
-36754
Convert 1416066 (base 7) to base 9.
317706
What is 9cc65 (base 14) in base 12?
164675
-23300333333 (base 4) to base 11
-18172a8
Convert 24a8a1 (base 12) to base 14.
1184d3
Convert -12301412032 (base 5) to base 16.
-e2f0bf
Convert 1341323 (base 5) to base 3.
1102000102
-23868 (base 14) to base 2
-10101001011000100
What is 3602b0 (base 15) in base 5?
1130114430
What is -94a55 (base 13) in base 12?
-10aa39
What is -4b4217 (base 12) in base 16?
-12c733
What is 11115552 (base 8) in base 2?
1001001001101101101010
What is -215a96 (base 11) in base 10?
-344713
What is 1021030221 (base 4) in base 8?
1111451
What is 100010101111011011 (base 2) in base 15?
2c269
Convert -534b18 (base 12) to base 7.
-14114324
What is 46501513 (base 8) in base 12?
3484063
Convert -517b17 (base 13) to base 5.
-441333114
Convert 1216212 (base 9) to base 11.
411399
Convert 12273611 (base 8) to base 5.
1143430302
64494 (base 11) to base 15
1cba7
40610236 (base 8) to base 11
493743a
What is 15204655 (base 9) in base 11?
42a5265
What is d71e3e (base 15) in base 9?
21225725
1661b7b (base 12) to base 10
4606799
Convert -72bb4b (base 12) to base 9.
-3348485
What is 1110000010010111101 (base 2) in base 15?
91445
Convert 129656 (base 10) to base 7.
1050002
Convert -7334 (base 9) to base 5.
-133002
-3002717 (base 10) to base 8
-13350535
10306774 (base 8) to base 14
413580
What is -31310401 (base 5) in base 15?
-52101
Convert -81623 (base 15) to base 3.
-202211002020
What is 70b7cb (base 16) in base 9?
14808150
What is -1180839 (base 12) in base 11?
-1a13998
Convert -6b4a59 (base 13) to base 12.
-a31169
-858537 (base 10) to base 15
-11e5ac
298d4d (base 15) to base 2
111101001010110010101
-1101011110101000000100 (base 2) to base 9
-6574716
What is 18e0e6 (base 16) in base 8?
6160346
Convert -277628 (base 11) to base 4.
-1222013212
Convert -11021340 (base 5) to base 2.
-10111001111110100
What is -1155512503 (base 6) in base 14?
-1ad89b9
1c16d3 (base 15) to base 2
101001110111010010110
What is 276587 (base 11) in base 7?
3453123
-110432542 (base 6) to base 12
-802752
66985 (base 11) to base 14
274d8
What is 5093015 (base 11) in base 4?
202103230233
What is 30102001 (base 4) in base 9?
76004
-133215355 (base 6) to base 8
-12155327
Convert -b781 (base 13) to base 15.
-7820
11001001011111101111110 (base 2) to base 12
2264b66
Convert 100020201221 (base 3) to base 4.
230130223
-221010134 (base 5) to base 16
-e8dc2
Convert 1b00d9 (base 16) to base 13.
49c66c
Convert 100010200001 (base 3) to base 2.
101011111001101101
172978 (base 12) to base 10
398828
1031232212 (base 4) to base 16
4dba6
Convert -442216 (base 12) to base 14.
-202482
What is -201021200000021 (base 3) in base 15?
-d767e4
What is b6442 (base 12) in base 6?
5042522
-119497 (base 10) to base 2
-11101001011001001
What is c2494 (base 15) in base 12?
2580a1
What is 1973046 (base 12) in base 11?
3041a68
519573 (base 10) to base 16
7ed95
Convert -1fe6a (base 16) to base 9.
-218214
What is 2353 (base 6) in base 12?
3b9
Convert -12c50c (base 13) to base 7.
-3605246
What is -1168d (base 16) in base 14?
-1bdb7
What is -2105650 (base 8) in base 3?
-1001110020020
What is -602063 (base 9) in base 7?
-3011226
What is 4104301421 (base 5) in base 4?
133210110210
Convert 1314021 (base 5) to base 7.
136125
Convert -5b51 (base 15) to base 14.
-7118
111011120120100 (base 3) to base 4
122230230132
Convert -10100100110110100100 (base 2) to base 4.
-2210312210
What is -2011032 (base 6) in base 2?
-10111001001111100
What is 100011110010100100 (base 2) in base 5?
14142341
What is -280ed (base 15) in base 9?
-215207
What is -1011010100110001 (base 2) in base 8?
-132461
What is -348a7 (base 15) in base 10?
-167332
What is 163232 (base 8) in base 11?
40398
18730b5 (base 13) to base 10
8003819
What is -179900 (base 11) in base 16?
-4387e
What is 11110100000011001110111 (base 2) in base 13?
186cca6
15131440 (base 6) to base 5
113302024
-145151b (base 12) to base 13
-b01623
-10606153 (base 7) to base 13
-265957
What is 6b610c (base 16) in base 2?
11010110110000100001100
What is c40c72 (base 13) in base 11?
2642a16
What is 212111100111 (base 3) in base 14?
c0758
-22a8c (base 16) to base 14
-39a44
Convert 1e4b1d (base 15) to base 5.
334443003
Convert -803599 (base 15) to base 9.
-12405860
What is 160007 (base 8) in base 10?
57351
Convert -25461 (base 9) to base 4.
-10023322
What is 212210200221 (base 3) in base 15?
93c54
Convert 20761 (base 16) to base 5.
13223321
-210367 (base 11) to base 6
-11121003
11182 (base 9) to base 10
7445
What is -100110000000111111 (base 2) in base 11?
-a6a96
Convert 1102221121120 (base 3) to base 6.
24233110
What is -10222335 (base 6) in base 9?
-504585
Convert -144295 (base 11) to base 5.
-24202120
What is -111011200111 (base 3) in base 12?
-10607a
What is -1000001011010110010 (base 2) in base 8?
-1013262
What is -521506 (base 9) in base 16?
-4b903
Convert 41451525 (base 6) to base 13.
33227c
c9a50 (base 16) to base 10
825936
Convert 3006361 (base 9) to base 14.
2d8a1d
-233143143 (base 5) to base 7
-12040205
What is -1aa1a9a (base 11) in base 9?
-6571718
Convert 100011022012122 (base 3) to base 7.
56242334
-39bc77 (base 13) to base 7
-14606350
-200301230130 (base 4) to base 15
-b4ac56
What is -111100000001010111 (base 2) in base 16?
-3c057
What is 277400 (base 8) in base 6?
2033532
6473a3 (base 13) to base 11
1370686
What is 2348a2 (base 11) in base 2?
1011010111011001101
What is -b0e58e (base 16) in base 11?
-65a9084
Convert -817774 (base 11) to base 14.
-26286a
What is -2202334 (base 5) in base 7?
-215222
What is 2433352 (base 7) in base 9?
523471
What is -21001021020 (base 3) in base 9?
-231236
Convert 1050b52 (base 15) to base 5.
10440140202
Convert -1675ab (base 14) to base 7.
-6463204
Convert 243974 (base 11) to base 8.
1361445
-436353 (base 12) to base 2
-100000100110101101111
What is -5734346 (base 11) in base 2?
-100110010001111010000110
Convert 80356 (base 11) to base 13.
41676
What is a905aa (base 12) in base 6?
133203534
-152301 (base 9) to base 2
-10110110101110100
What is -1142314321 (base 5) in base 4?
-22102231212
What is -1234130 (base 6) in base 16?
-105c6
17710 (base 8) to base 2
1111111001000
Convert -1096963 (base 12) to base 10.
-3184347
-100010001011100011101 (base 2) to base 12
-4601b9
Convert -2524520 (base 6) to base 10.
-135840
What is 12412142 (base 5) in base 13?
43b7c
What is 2220112100 (base 3) in base 16?
dfa1
What is 27c36 (base 14) in base 13?
35a64
What is 22126463 (base 7) in base 2?
111010001011001110100
Convert -33221434 (base 7) to base 13.
-792c28
1021200012011211 (base 3) to base 7
312425134
What is -2044565 (base 8) in base 5?
-114334333
Convert 26596 (base 12) to base 13.
1ac8b
1963b9 (base 12) to base 14
b8977
What is -1142424 (base 5) in base 2?
-101010001101110
What is -1363078 (base 12) in base 14?
-7276d6
Convert 1125631 (base 7) to base 15.
2bce4
-4632106 (base 7) to base 13
-17393b
What is -10101001110101111 (base 2) in base 11?
-5a374
-20013321 (base 4) to base 15
-9cd3
Convert 165516 (base 10) to base 11.
10339a
What is 201102001001 (base 3) in base 14?
9d316
1100000